What is the tens digit of 1508?
0
What is the units digit of 33128?
8
What is the units digit of 412?
2
What is the thousands digit of 12686?
2
What is the tens digit of 3535?
3
What is the hundreds digit of 6830?
8
What is the thousands digit of 37901?
7
What is the hundreds digit of 295?
2
What is the tens digit of 406?
0
What is the units digit of 1397?
7
What is the units digit of 709?
9
What is the tens digit of 1400?
0
What is the thousands digit of 3094?
3
What is the thousands digit of 12369?
2
What is the units digit of 1846?
6
What is the thousands digit of 2115?
2
What is the hundreds digit of 5997?
9
What is the hundreds digit of 27225?
2
What is the thousands digit of 1162?
1
What is the units digit of 198?
8
What is the units digit of 25989?
9
What is the units digit of 49?
9
What is the units digit of 3496?
6
What is the thousands digit of 1055?
1
What is the units digit of 1348?
8
What is the units digit of 1003?
3
What is the hundreds digit of 159?
1
What is the tens digit of 5033?
3
What is the hundreds digit of 1670?
6
What is the thousands digit of 4209?
4
What is the tens digit of 3981?
8
What is the thousands digit of 1514?
1
What is the units digit of 8279?
9
What is the thousands digit of 59929?
9
What is the units digit of 4271?
1
What is the thousands digit of 2293?
2
What is the tens digit of 9430?
3
What is the tens digit of 33404?
0
What is the tens digit of 1357?
5
What is the units digit of 384?
4
What is the tens digit of 11069?
6
What is the hundreds digit of 881?
8
What is the units digit of 1567?
7
What is the thousands digit of 2563?
2
What is the hundreds digit of 309?
3
What is the tens digit of 2234?
3
What is the hundreds digit of 787?
7
What is the tens digit of 16385?
8
What is the thousands digit of 5720?
5
What is the units digit of 15418?
8
What is the ten thousands digit of 61230?
6
What is the hundreds digit of 54246?
2
What is the tens digit of 1323?
2
What is the hundreds digit of 57964?
9
What is the thousands digit of 9054?
9
What is the tens digit of 1300?
0
What is the hundreds digit of 38857?
8
What is the tens digit of 43193?
9
What is the ten thousands digit of 41313?
4
What is the hundreds digit of 447?
4
What is the units digit of 6170?
0
What is the tens digit of 2364?
6
What is the hundreds digit of 5949?
9
What is the ten thousands digit of 34591?
3
What is the thousands digit of 31854?
1
What is the thousands digit of 3328?
3
What is the tens digit of 1490?
9
What is the tens digit of 1836?
3
What is the hundreds digit of 13669?
6
What is the tens digit of 61012?
1
What is the tens digit of 3256?
5
What is the thousands digit of 2989?
2
What is the ten thousands digit of 24810?
2
What is the tens digit of 39245?
4
What is the tens digit of 31576?
7
What is the thousands digit of 3629?
3
What is the hundred thousands digit of 115460?
1
What is the hundreds digit of 17044?
0
What is the hundred thousands digit of 123453?
1
What is the thousands digit of 1576?
1
What is the tens digit of 2724?
2
What is the ten thousands digit of 26502?
2
What is the hundreds digit of 127616?
6
What is the thousands digit of 13191?
3
What is the ten thousands digit of 18625?
1
What is the units digit of 10667?
7
What is the thousands digit of 2282?
2
What is the ten thousands digit of 101469?
0
What is the tens digit of 451?
5
What is the tens digit of 63446?
4
What is the hundreds digit of 32205?
2
What is the units digit of 1448?
8
What is the tens digit of 16504?
0
What is the units digit of 1825?
5
What is the tens digit of 31600?
0
What is the thousands digit of 1543?
1
What is the ten thousands digit of 11107?
1
What is the hundreds digit of 715?
7
What is the hundreds digit of 112?
1
What is the units digit of 855?
5
What is the hundreds digit of 3789?
7
What is the hundreds digit of 22801?
8
What is the units digit of 230?
0
What is the thousands digit of 12160?
2
What is the hundreds digit of 18822?
8
What is the tens digit of 73458?
5
What is the ten thousands digit of 103482?
0
What is the hundreds digit of 641?
6
What is the units digit of 1413?
3
What is the thousands digit of 1270?
1
What is the tens digit of 86975?
7
What is the units digit of 28934?
4
What is the hundreds digit of 153?
1
What is the thousands digit of 2128?
2
What is the units digit of 5685?
5
What is the hundreds digit of 91667?
6
What is the ten thousands digit of 99097?
9
What is the units digit of 44572?
2
What is the units digit of 239?
9
What is the thousands digit of 3949?
3
What is the hundreds digit of 1966?
9
What is the hundreds digit of 5207?
2
What is the thousands digit of 17758?
7
What is the hundreds digit of 38301?
3
What is the units digit of 2556?
6
What is the units digit of 106660?
0
What is the hundreds digit of 11029?
0
What is the units digit of 374?
4
What is the hundreds digit of 22866?
8
What is the units digit of 5855?
5
What is the ten thousands digit of 12352?
1
What is the thousands digit of 37391?
7
What is the ten thousands digit of 76542?
7
What is the units digit of 700?
0
What is the tens digit of 9521?
2
What is the tens digit of 32835?
3
What is the units digit of 51149?
9
What is the units digit of 521?
1
What is the ten thousands digit of 38626?
3
What is the units digit of 4999?
9
What is the ten thousands digit of 177584?
7
What is the hundreds digit of 35702?
7
What is the hundreds digit of 3500?
5
What is the thousands digit of 14901?
4
What is the units digit of 6078?
8
What is the hundreds digit of 3937?
9
What is the units digit of 6524?
4
What is the units digit of 7919?
9
What is the tens digit of 5911?
1
What is the units digit of 324?
4
What is the hundreds digit of 37120?
1
What is the hundreds digit of 1363?
3
What is the units digit of 1770?
0
What is the tens digit of 1015?
1
What is the units digit of 65464?
4
What is the units digit of 13111?
1
What is the units digit of 60014?
4
What is the tens digit of 7185?
8
What is the thousands digit of 1998?
1
What is the tens digit of 61787?
8
What is the tens digit of 235?
3
What is the tens digit of 1145?
4
What is the tens digit of 41091?
9
What is the tens digit of 1051?
5
What is the hundreds digit of 2573?
5
What is the tens digit of 253?
5
What is the tens digit of 2893?
9
What is the thousands digit of 1034?
1
What is the units digit of 32?
2
What is the tens digit of 5267?
6
What is the ten thousands digit of 66772?
6
What is the tens digit of 3024?
2
What is the tens digit of 4573?
7
What is the units digit of 1743?
3
What is the tens digit of 1295?
9
What is the thousands digit of 26198?
6
What is the ten thousands digit of 13543?
1
What is the hundreds digit of 1707?
7
What is the hundreds digit of 445?
4
What is the units digit of 4618?
8
What is the thousands digit of 6168?
6
What is the thousands digit of 18675?
8
What is the tens digit of 38874?
7
What is the thousands digit of 32506?
2
What is the thousands digit of 1353?
1
What is the units digit of 300?
0
What is the thousands digit of 78664?
8
What is the hundreds digit of 98541?
5
What is the hundreds digit of 81778?
7
What is the tens digit of 1176?
7
What is the hundreds digit of 9818?
8
What is the hundreds digit of 7926?
9
What is the tens digit of 14282?
8
What is the tens digit of 487?
8
What is the units digit of 7915?
5
What is the ten thousands digit of 23765?
2
What is the units digit of 74251?
1
What is the units digit of 779?
9
What is the tens digit of 5841?
4
What is the hundreds digit of 729?
7
What is the thousands digit of 43881?
3
What is the ten thousands digit of 20821?
2
What is the units digit of 41091?
1
What is the units digit of 4948?
8
What is the hundreds digit of 1586?
5
What is the hundreds digit of 3236?
2
What is the units digit of 140?
0
What is the units digit of 276?
6
What is the units digit of 4365?
5
What is the tens digit of 31208?
0
What is the thousands digit of 9725?
9
What is the tens digit of 101549?
4
What is the thousands digit of 5761?
5
What is the tens digit of 118804?
0
What is the thousands digit of 2700?
2
What is the hundreds digit of 3055?
0
What is the tens digit of 44378?
7
What is the tens digit of 3026?
2
What is the units digit of 20603?
3
What is the hundreds digit of 22665?
6
What is the